Calculate the remainder when 7769 is divided by 645.
29
What is the remainder when 54921 is divided by 18306?
3
What is the remainder when 79 is divided by 78?
1
What is the remainder when 259083 is divided by 259062?
21
What is the remainder when 17947 is divided by 1381?
1375
What is the remainder when 8897 is divided by 4445?
7
Calculate the remainder when 3898 is divided by 1907.
84
What is the remainder when 5270 is divided by 834?
266
Calculate the remainder when 1181 is divided by 13.
11
Calculate the remainder when 4661 is divided by 35.
6
What is the remainder when 7914 is divided by 66?
60
Calculate the remainder when 1449 is divided by 1425.
24
What is the remainder when 21119 is divided by 165?
164
Calculate the remainder when 10462 is divided by 1178.
1038
What is the remainder when 11853 is divided by 76?
73
What is the remainder when 8951 is divided by 2922?
185
What is the remainder when 9196 is divided by 2963?
307
Calculate the remainder when 1881 is divided by 449.
85
Calculate the remainder when 3205143 is divided by 233.
228
Calculate the remainder when 1485 is divided by 645.
195
What is the remainder when 1439 is divided by 1436?
3
Calculate the remainder when 107770 is divided by 21.
19
What is the remainder when 3858 is divided by 751?
103
Calculate the remainder when 10444 is divided by 616.
588
What is the remainder when 124635 is divided by 8?
3
What is the remainder when 29197 is divided by 1457?
57
Calculate the remainder when 126711 is divided by 316.
311
What is the remainder when 1629 is divided by 239?
195
Calculate the remainder when 3211 is divided by 73.
72
What is the remainder when 15268 is divided by 15220?
48
What is the remainder when 2592 is divided by 494?
122
What is the remainder when 109347 is divided by 1351?
1267
What is the remainder when 281430 is divided by 277?
275
What is the remainder when 3417 is divided by 3406?
11
Calculate the remainder when 31174 is divided by 145.
144
Calculate the remainder when 87151 is divided by 7262.
7
Calculate the remainder when 9177 is divided by 4578.
21
What is the remainder when 47419 is divided by 930?
919
What is the remainder when 7269 is divided by 313?
70
Calculate the remainder when 29945 is divided by 5989.
0
What is the remainder when 35247 is divided by 26?
17
Calculate the remainder when 9960 is divided by 156.
132
What is the remainder when 1564 is divided by 1555?
9
Calculate the remainder when 6421 is divided by 100.
21
Calculate the remainder when 732071 is divided by 14.
11
What is the remainder when 385 is divided by 25?
10
What is the remainder when 4442 is divided by 254?
124
Calculate the remainder when 480 is divided by 223.
34
Calculate the remainder when 3154 is divided by 198.
184
Calculate the remainder when 802 is divided by 539.
263
Calculate the remainder when 9544 is divided by 958.
922
What is the remainder when 66080 is divided by 191?
185
What is the remainder when 775383 is divided by 173?
170
Calculate the remainder when 6084 is divided by 1330.
764
Calculate the remainder when 1580624 is divided by 263.
257
What is the remainder when 37925 is divided by 269?
265
What is the remainder when 7426 is divided by 623?
573
Calculate the remainder when 12153 is divided by 434.
1
What is the remainder when 817 is divided by 26?
11
Calculate the remainder when 51351 is divided by 49.
48
Calculate the remainder when 904 is divided by 447.
10
What is the remainder when 263711 is divided by 29300?
11
Calculate the remainder when 64405 is divided by 137.
15
Calculate the remainder when 5070117 is divided by 264.
261
What is the remainder when 295930 is divided by 6433?
12
What is the remainder when 30713 is divided by 320?
313
What is the remainder when 5516 is divided by 1474?
1094
What is the remainder when 38565 is divided by 61?
13
Calculate the remainder when 292 is divided by 80.
52
What is the remainder when 6402 is divided by 6362?
40
Calculate the remainder when 6911 is divided by 3433.
45
Calculate the remainder when 143451 is divided by 131.
6
What is the remainder when 417 is divided by 320?
97
Calculate the remainder when 3996 is divided by 1314.
54
What is the remainder when 29110 is divided by 24?
22
Calculate the remainder when 3898 is divided by 434.
426
Calculate the remainder when 69573 is divided by 86.
85
What is the remainder when 14619 is divided by 174?
3
Calculate the remainder when 30824 is divided by 99.
35
Calculate the remainder when 5734 is divided by 476.
22
What is the remainder when 305783 is divided by 7?
2
What is the remainder when 28833 is divided by 163?
145
What is the remainder when 1709 is divided by 81?
8
What is the remainder when 2742 is divided by 546?
12
What is the remainder when 140393 is divided by 259?
15
What is the remainder when 14283 is divided by 32?
11
Calculate the remainder when 13548 is divided by 5.
3
What is the remainder when 6031 is divided by 957?
289
Calculate the remainder when 7946 is divided by 12.
2
What is the remainder when 7807277 is divided by 130?
127
What is the remainder when 46363 is divided by 67?
66
What is the remainder when 19451 is divided by 6478?
17
What is the remainder when 6603 is divided by 36?
15
What is the remainder when 19450 is divided by 397?
394
What is the remainder when 133058 is divided by 67?
63
What is the remainder when 390767 is divided by 73?
71
What is the remainder when 127334 is divided by 13?
12
Calculate the remainder when 119594 is divided by 97.
90
What is the remainder when 40947 is divided by 21?
18
Calculate the remainder when 3396 is divided by 1128.
12
What is the remainder when 20187 is divided by 10065?
57
Calculate the remainder when 885 is divided by 826.
59
What is the remainder when 11895 is divided by 749?
660
What is the remainder when 12576 is divided by 12573?
3
What is the remainder when 3235 is divided by 3197?
38
Calculate the remainder when 19396 is divided by 163.
162
What is the remainder when 30378 is divided by 7593?
6
What is the remainder when 6832 is divided by 217?
105
Calculate the remainder when 2521 is divided by 529.
405
What is the remainder when 19495 is divided by 75?
70
Calculate the remainder when 3873 is divided by 1071.
660
Calculate the remainder when 253397 is divided by 100.
97
Calculate the remainder when 9339 is divided by 3864.
1611
Calculate the remainder when 5035 is divided by 208.
43
Calculate the remainder when 254 is divided by 108.
38
Calculate the remainder when 3370 is divided by 3348.
22
Calculate the remainder when 30618 is divided by 5101.
12
Calculate the remainder when 31289 is divided by 626.
615
What is the remainder when 37797 is divided by 10?
7
Calculate the remainder when 1563 is divided by 190.
43
Calculate the remainder when 3278 is divided by 328.
326
What is the remainder when 196468 is divided by 127?
126
Calculate the remainder when 1788651 is divided by 17.
13
What is the remainder when 4081788 is divided by 208?
204
Calculate the remainder when 95697 is divided by 300.
297
Calculate the remainder when 1152 is divided by 47.
24
Calculate the remainder when 183132 is divided by 36.
0
Calculate the remainder when 16877 is divided by 1622.
657
Calculate the remainder when 191481 is divided by 79.
64
Calculate the remainder when 158399 is divided by 36.
35
Calculate the remainder when 1494 is divided by 136.
134
Calculate the remainder when 6534 is divided by 139.
1
What is the remainder when 1667 is divided by 44?
39
What is the remainder when 1345425 is divided by 798?
795
Calculate the remainder when 390 is divided by 264.
126
Calculate the remainder when 16954 is divided by 17.
5
What is the remainder when 635069 is divided by 61?
59
What is the remainder when 3622 is divided by 125?
122
Calculate the remainder when 12669 is divided by 164.
41
What is the remainder when 604 is divided by 532?
72
What is the remainder when 2113 is divided by 245?
153
What is the remainder when 19309 is divided by 2409?
37
Calculate the remainder when 6082 is divided by 433.
20
Calculate the remainder when 8612 is divided by 6.
2
Calculate the remainder when 25336 is divided by 217.
164
What is the remainder when 24868 is divided by 91?
25
What is the remainder when 1813 i